{"id":2,"date":"2007-10-14T13:18:36","date_gmt":"2007-10-14T16:18:36","guid":{"rendered":""},"modified":"2008-06-22T21:52:41","modified_gmt":"2008-06-23T00:52:41","slug":"about","status":"publish","type":"page","link":"https:\/\/matiaslaporte.com.ar\/?page_id=2","title":{"rendered":"Yo, yo, yo"},"content":{"rendered":"<p>Extraido del viejo blog:<\/p>\n<blockquote><p>\u00bfQui\u00e9n soy? Soy Mat\u00edas Laporte. Nac\u00ed el 15 de junio de 1989, en Buenos Aires, Argentina. Desde chiquito, fui &#8220;admirador&#8221; de las computadoras, sin llegar, sin embargo, a tal conocimiento t\u00e9cnico, como el del que hizo este m\u00e9todo de blogging (<a title=\"Fabio\" href=\"http:\/\/www.fabio.com.ar\/\" target=\"blank_\">Fabio<\/a>). Curs\u00e9 la primaria en la escuela Normal N\u00ba 1 en Lenguas Vivas, &#8220;Presidente Roque S\u00e1enz Pe\u00f1a&#8221;. Actualmente, estoy yendo al Colegio Nacional de Buenos Aires (<a href=\"http:\/\/www.cnba.uba.ar\/\">CNBA<\/a>, el cual tiene un foro muy interesante que pueden visitar <a href=\"http:\/\/www.cnbaforo.com.ar\/index.php?referrerid=163\">ac\u00e1<\/a>). Durante mi vida, hice pocas cosas. Cabe destacar que desde 1995 hasta 2003 hice Karate, que pienso retomar, y fui tres a\u00f1os al Conservatorio de M\u00fasica L\u00f3pez Buchardo (Instrumento: flauta dulce&#8230;(no comments)), el cual tambi\u00e9n pienso retomar (quiz\u00e1s con otro instrumento). En 2006 retom\u00e9 el conservatorio, nuevamente con flauta dulce y viol\u00edn como instrumento complementario; sigo cursando.<\/p><\/blockquote>\n<p>Cuando haya algo que valga la pena agregar (finalizaci\u00f3n de estudios secundarios\/comienzos de la universidad, casamiento (?), t\u00e9rmino del Conservatorio) lo har\u00e9 oportunamente :).<\/p>\n<p>Algunas de mis otras andanzas por Internet son las siguientes:<\/p>\n<ul>\n<li><a title=\"Tu Proxy Argentino!\" href=\"http:\/\/proxyar.com.ar\" target=\"_blank\">ProxyAr<\/a>: webproxy (ACTUALMENTE EST\u00c1 OFFLINE POR PROBLEMAS DE BANDWIDTH).<\/li>\n<li><a title=\"El apoyo moral... nunca tan f\u00e1cil\" href=\"http:\/\/subimeelautoestima.com.ar\">Subime El Autoestima<\/a>: una p\u00e1gina no terminada, hecha con Melina, en la cual nos falta inspiraci\u00f3n (es decir, frases). Si quer\u00e9s colaborar <span style=\"text-decoration: underline;\">desinteresadamente<\/span> con algunas, hac\u00e9melas llegar de alg\u00fan modo :P.<\/li>\n<li><a title=\"Mi Flog\" href=\"http:\/\/matiasflog.com.ar\">Mi Fotolog<\/a>: por si ten\u00e9s ganas de conocer visualmente al autor de este blog, y ten\u00e9s ganas de reirte de m\u00ed, all\u00ed est\u00e1n mis fotos.<\/li>\n<li><a href=\"http:\/\/pobresdiablosclub.com.ar\" target=\"_blank\">Pobres Diablos Club<\/a>: un intento que fracas\u00f3, a partir del anterior fracaso <a href=\"http:\/\/pobres-diablos.blogspot.com\" target=\"_blank\">aqu\u00ed<\/a>. Como tambi\u00e9n fracas\u00f3, se encuentra offline :P.<\/li>\n<\/ul>\n","protected":false},"excerpt":{"rendered":"<p>Extraido del viejo blog: \u00bfQui\u00e9n soy? Soy Mat\u00edas Laporte. Nac\u00ed el 15 de junio de 1989, en Buenos Aires, Argentina. Desde chiquito, fui &#8220;admirador&#8221; de las computadoras, sin llegar, sin embargo, a tal conocimiento t\u00e9cnico, como el del que hizo este m\u00e9todo de blogging (Fabio). Curs\u00e9 la primaria en la escuela Normal N\u00ba 1 en [&hellip;]<\/p>\n","protected":false},"author":1,"featured_media":0,"parent":0,"menu_order":0,"comment_status":"open","ping_status":"open","template":"","meta":{"footnotes":""},"jetpack_sharing_enabled":true,"jetpack_shortlink":"https:\/\/wp.me\/P8et8-2","_links":{"self":[{"href":"https:\/\/matiaslaporte.com.ar\/index.php?rest_route=\/wp\/v2\/pages\/2"}],"collection":[{"href":"https:\/\/matiaslaporte.com.ar\/index.php?rest_route=\/wp\/v2\/pages"}],"about":[{"href":"https:\/\/matiaslaporte.com.ar\/index.php?rest_route=\/wp\/v2\/types\/page"}],"author":[{"embeddable":true,"href":"https:\/\/matiaslaporte.com.ar\/index.php?rest_route=\/wp\/v2\/users\/1"}],"replies":[{"embeddable":true,"href":"https:\/\/matiaslaporte.com.ar\/index.php?rest_route=%2Fwp%2Fv2%2Fcomments&post=2"}],"version-history":[{"count":0,"href":"https:\/\/matiaslaporte.com.ar\/index.php?rest_route=\/wp\/v2\/pages\/2\/revisions"}],"wp:attachment":[{"href":"https:\/\/matiaslaporte.com.ar\/index.php?rest_route=%2Fwp%2Fv2%2Fmedia&parent=2"}],"curies":[{"name":"wp","href":"https:\/\/api.w.org\/{rel}","templated":true}]}}

<p>Extraido del viejo blog:</p>
<blockquote><p>¿Quién soy? Soy Matías Laporte. Nací el 15 de junio de 1989, en Buenos Aires, Argentina. Desde chiquito, fui &#8220;admirador&#8221; de las computadoras, sin llegar, sin embargo, a tal conocimiento técnico, como el del que hizo este método de blogging (<a title="Fabio" href="http://www.fabio.com.ar/" target="blank_">Fabio</a>). Cursé la primaria en la escuela Normal Nº 1 en Lenguas Vivas, &#8220;Presidente Roque Sáenz Peña&#8221;. Actualmente, estoy yendo al Colegio Nacional de Buenos Aires (<a href="http://www.cnba.uba.ar/">CNBA</a>, el cual tiene un foro muy interesante que pueden visitar <a href="http://www.cnbaforo.com.ar/index.php?referrerid=163">acá</a>). Durante mi vida, hice pocas cosas. Cabe destacar que desde 1995 hasta 2003 hice Karate, que pienso retomar, y fui tres años al Conservatorio de Música López Buchardo (Instrumento: flauta dulce&#8230;(no comments)), el cual también pienso retomar (quizás con otro instrumento). En 2006 retomé el conservatorio, nuevamente con flauta dulce y violín como instrumento complementario; sigo cursando.</p></blockquote>
<p>Cuando haya algo que valga la pena agregar (finalización de estudios secundarios/comienzos de la universidad, casamiento (?), término del Conservatorio) lo haré oportunamente :).</p>
<p>Algunas de mis otras andanzas por Internet son las siguientes:</p>
<ul>
<li><a title="Tu Proxy Argentino!" href="http://proxyar.com.ar" target="_blank">ProxyAr</a>: webproxy (ACTUALMENTE ESTÁ OFFLINE POR PROBLEMAS DE BANDWIDTH).</li>
<li><a title="El apoyo moral... nunca tan fácil" href="http://subimeelautoestima.com.ar">Subime El Autoestima</a>: una página no terminada, hecha con Melina, en la cual nos falta inspiración (es decir, frases). Si querés colaborar <span style="text-decoration: underline;">desinteresadamente</span> con algunas, hacémelas llegar de algún modo :P.</li>
<li><a title="Mi Flog" href="http://matiasflog.com.ar">Mi Fotolog</a>: por si tenés ganas de conocer visualmente al autor de este blog, y tenés ganas de reirte de mí, allí están mis fotos.</li>
<li><a href="http://pobresdiablosclub.com.ar" target="_blank">Pobres Diablos Club</a>: un intento que fracasó, a partir del anterior fracaso <a href="http://pobres-diablos.blogspot.com" target="_blank">aquí</a>. Como también fracasó, se encuentra offline :P.</li>
</ul>

<p>Extraido del viejo blog: ¿Quién soy? Soy Matías Laporte. Nací el 15 de junio de 1989, en Buenos Aires, Argentina. Desde chiquito, fui &#8220;admirador&#8221; de las computadoras, sin llegar, sin embargo, a tal conocimiento técnico, como el del que hizo este método de blogging (Fabio). Cursé la primaria en la escuela Normal Nº 1 en [&hellip;]</p>
